ed by 72?
70
What is the remainder when 2653 is divided by 59?
57
What is the remainder when 1984 is divided by 24?
16
What is the remainder when 133 is divided by 73?
60
What is the remainder when 27 is divided by 19?
8
Calculate the remainder when 21 is divided by 7.
0
What is the remainder when 3855 is divided by 204?
183
What is the remainder when 206 is divided by 102?
2
What is the remainder when 881 is divided by 63?
62
Calculate the remainder when 834 is divided by 240.
114
Calculate the remainder when 310 is divided by 7.
2
What is the remainder when 78 is divided by 26?
0
What is the remainder when 1052 is divided by 26?
12
Calculate the remainder when 119 is divided by 60.
59
What is the remainder when 63 is divided by 18?
9
Calculate the remainder when 137 is divided by 25.
12
Calculate the remainder when 131 is divided by 24.
11
Calculate the remainder when 429 is divided by 107.
1
Calculate the remainder when 832 is divided by 27.
22
Calculate the remainder when 1083 is divided by 4.
3
What is the remainder when 3937 is divided by 13?
11
Calculate the remainder when 7997 is divided by 25.
22
What is the remainder when 82 is divided by 16?
2
What is the remainder when 56 is divided by 9?
2
What is the remainder when 183 is divided by 45?
3
Calculate the remainder when 5469 is divided by 261.
249
Calculate the remainder when 57 is divided by 21.
15
Calculate the remainder when 47 is divided by 5.
2
What is the remainder when 180 is divided by 105?
75
Calculate the remainder when 558 is divided by 147.
117
Calculate the remainder when 22363 is divided by 7.
5
Calculate the remainder when 620 is divided by 104.
100
Calculate the remainder when 411 is divided by 83.
79
Calculate the remainder when 662 is divided by 29.
24
Calculate the remainder when 174 is divided by 99.
75
What is the remainder when 1484 is divided by 302?
276
Calculate the remainder when 564 is divided by 55.
14
What is the remainder when 81 is divided by 17?
13
Calculate the remainder when 407 is divided by 41.
38
Calculate the remainder when 862 is divided by 27.
25
Calculate the remainder when 308 is divided by 13.
9
What is the remainder when 466 is divided by 18?
16
Calculate the remainder when 35 is divided by 5.
0
Calculate the remainder when 16682 is divided by 5555.
17
What is the remainder when 907 is divided by 13?
10
What is the remainder when 6578 is divided by 47?
45
What is the remainder when 329 is divided by 24?
17
What is the remainder when 2206 is divided by 96?
94
What is the remainder when 237 is divided by 8?
5
What is the remainder when 3019 is divided by 252?
247
Calculate the remainder when 200 is divided by 116.
84
Calculate the remainder when 1058 is divided by 153.
140
What is the remainder when 529 is divided by 76?
73
Calculate the remainder when 285 is divided by 17.
13
Calculate the remainder when 416 is divided by 47.
40
What is the remainder when 35 is divided by 25?
10
What is the remainder when 200 is divided by 91?
18
What is the remainder when 235 is divided by 22?
15
What is the remainder when 312 is divided by 176?
136
Calculate the remainder when 405 is divided by 368.
37
Calculate the remainder when 470 is divided by 119.
113
Calculate the remainder when 6675 is divided by 21.
18
What is the remainder when 711 is divided by 42?
39
Calculate the remainder when 166 is divided by 53.
7
What is the remainder when 570 is divided by 23?
18
What is the remainder when 74 is divided by 61?
13
What is the remainder when 340 is divided by 49?
46
Calculate the remainder when 3775 is divided by 199.
193
What is the remainder when 453 is divided by 12?
9
Calculate the remainder when 5698 is divided by 12.
10
What is the remainder when 1343 is divided by 232?
183
What is the remainder when 1212 is divided by 202?
0
What is the remainder when 6352 is divided by 30?
22
What is the remainder when 1176 is divided by 10?
6
What is the remainder when 1120 is divided by 11?
9
Calculate the remainder when 7556 is divided by 67.
52
What is the remainder when 33 is divided by 28?
5
Calculate the remainder when 7 is divided by 6.
1
Calculate the remainder when 448 is divided by 40.
8
Calculate the remainder when 157 is divided by 52.
1
What is the remainder when 6290 is divided by 13?
11
What is the remainder when 307 is divided by 39?
34
Calculate the remainder when 279 is divided by 28.
27
Calculate the remainder when 56 is divided by 12.
8
Calculate the remainder when 662 is divided by 131.
7
What is the remainder when 777 is divided by 28?
21
Calculate the remainder when 331 is divided by 5.
1
What is the remainder when 328 is divided by 72?
40
What is the remainder when 1145 is divided by 224?
25
Calculate the remainder when 376 is divided by 110.
46
Calculate the remainder when 12 is divided by 1.
0
What is the remainder when 33 is divided by 14?
5
What is the remainder when 3001 is divided by 331?
22
What is the remainder when 145 is divided by 44?
13
Calculate the remainder when 680 is divided by 30.
20
Calculate the remainder when 506 is divided by 326.
180
What is the remainder when 68 is divided by 5?
3
What is the remainder when 413 is divided by 46?
45
Calculate the remainder when 66 is divided by 37.
29
Calculate the remainder when 116 is divided by 31.
23
Calculate the remainder when 65 is divided by 23.
19
Calculate the remainder when 513 is divided by 92.
53
What is the remainder when 12792 is divided by 15?
12
Calculate the remainder when 7893 is divided by 9.
0
Calculate the remainder when 1072 is divided by 201.
67
What is the remainder when 51 is divided by 24?
3
What is the remainder when 153 is divided by 39?
36
What is the remainder when 15852 is divided by 29?
18
What is the remainder when 2343 is divided by 138?
135
Calculate the remainder when 74 is divided by 28.
18
Calculate the remainder when 856 is divided by 172.
168
Calculate the remainder when 483 is divided by 61.
56
Calculate the remainder when 2001 is divided by 164.
33
What is the remainder when 4245 is divided by 12?
9
Calculate the remainder when 366 is divided by 116.
18
Calculate the remainder when 1766 is divided by 17.
15
What is the remainder when 392 is divided by 58?
44
Calculate the remainder when 673 is divided by 15.
13
What is the remainder when 4762 is divided by 433?
432
Calculate the remainder when 286 is divided by 48.
46
Calculate the remainder when 1291 is divided by 62.
51
What is the remainder when 308 is divided by 109?
90
What is the remainder when 816 is divided by 812?
4
Calculate the remainder when 24 is divided by 23.
1
Calculate the remainder when 67 is divided by 35.
32
What is the remainder when 370 is divided by 88?
18
Calculate the remainder when 37 is divided by 32.
5
What is the remainder when 15157 is divided by 286?
285
What is the remainder when 130 is divided by 83?
47
What is the remainder when 59 is divided by 38?
21
What is the remainder when 1058 is divided by 289?
191
Calculate the remainder when 254 is divided by 14.
2
What is the remainder when 760 is divided by 187?
12
Calculate the remainder when 516 is divided by 63.
12
What is the remainder when 31 is divided by 13?
5
Calculate the remainder when 281 is divided by 34.
9
Calculate the remainder when 1004 is divided by 482.
40
Calculate the remainder when 163 is divided by 125.
38
Calculate the remainder when 81 is divided by 12.
9
Calculate the remainder when 183 is divided by 159.
24
Calculate the remainder when 189 is divided by 111.
78
What is the remainder when 971 is divided by 54?
53
What is the remainder when 81 is divided by 25?
6
Calculate the remainder when 78 is divided by 11.
1
Calculate the remainder when 2900 is divided by 15.
5
Calculate the remainder when 33 is divided by 1.
0
Calculate the remainder when 257 is divided by 120.
17
What is the remainder when 272 is divided by 2?
0
Calculate the remainder when 54 is divided by 7.
5
Calculate the remainder when 4229 is divided by 2114.
1
What is the remainder when 864 is divided by 51?
48
What is the remainder when 95 is divided by 1?
0
What is the remainder when 1926 is divided by 638?
12
Calculate the remainder when 93 is divided by 69.
24
Calculate the remainder when 237 is divided by 74.
15
Ca